culate (-20 - -110) + (4 + -11 - 13).
70
(3 - -5) + -9 - 5 - (-10 - -36) - -10
-22
Calculate -8 - 1 - (15 - (-338 + 281)).
-81
Evaluate 42 + (45 - 20 - -1 - -36).
104
Calculate 107 + -13 - 91 - ((-1 - 0) + 11).
-7
What is the value of -4 + 28 + 4 + (153 - 261)?
-80
What is the value of 11 + 2 + 12 + (-12 - 1) + -67?
-55
Calculate 1153 + -1175 + (24 - 2) + 1 + 71.
72
What is 45 + -87 + (-4 - (-3 + 1) - -20)?
-24
What is -5 + 2 + 9 - -67 - (18 + -7 + -5)?
67
-38 + 47 + -92 + 45
-38
What is 172 + 80 - (308 - 180)?
124
What is (-89 - 1) + 17543 + -17521?
-68
What is -27 + 0 + (153 - 135) + 0 + 6 + -31?
-34
Calculate -9 + -1 - (27 + -1 + 16 + -39).
-13
Calculate -74 + 15 - (-40 + 40).
-59
Evaluate (0 - -10) + (126 - 136) + 46 + 11.
57
What is -88 + 142 + 3 + -37?
20
Evaluate (23 - 48 - 27) + (2 - (4 - 8)).
-46
Evaluate (-10 - (-26 - -45)) + 25 + -9 + 0.
-13
What is the value of (438 + -468 - (-17 - 0)) + (123 - 2)?
108
What is the value of 72 + (57 - 66) - (20 - -3)?
40
-11 + (11 - -9) + -7 - -17 - -7
26
What is the value of 40 + 7 + -22 + -35 + 3?
-7
Evaluate 2 + -39 + -510 + 545.
-2
What is the value of 20 - (827 - 850 - (1 - 13))?
31
7 - (53 + -17 + -15)
-14
129 + (-15 - 9 - 53)
52
Calculate (5 - 25) + 0 + 11 + 9 + (-42 - -3).
-39
Calculate -12 - (-21 + -14 + -8 + 1).
30
What is (-16 - 10) + -11 - (37 + -72)?
-2
8 - ((12 - -5) + 2 + -3 - (-433 + 439))
-2
(59 + (61 - 122) - ((0 - 1) + 1)) + 44
42
What is the value of 185 + -190 + -3 + 42?
34
-35 - (20 - (41 + -34))
-48
Calculate -44 - (10 - (15 + -12 + -5 + 20)).
-36
What is the value of -9 + (-4 + 33 - (54 - 35)) + 8?
9
13 - (-28 - -8 - -51)
-18
Calculate -13 - (-28 + (44 + -13 - -91)).
-107
Evaluate -6 + -51 + 49 + 10.
2
What is (-33 + 2 - -24) + (-1 + 3 - 25)?
-30
What is (-2 - -1) + 2 + (186 - (-21 - -186))?
22
What is the value of 1627 + -1559 + -1 + -42?
25
(1 - 8) + -293 + 296 + 87
83
Calculate (22 - (17 - -21)) + 96 + -32.
48
Calculate (324 - 196) + -123 + 21.
26
What is 32 + (-16 - (-40 + (14 - 15)))?
57
(-10 - (-17 + -36 + 21)) + 25
47
Evaluate -31 + (-29 + 37 - -46) + 0 + 1.
24
What is the value of 10 - (30 - 14 - (-64 - 16))?
-86
Evaluate 28 + -16 + -21 - -15 - (-8 - -114).
-100
What is the value of 37 + (-8 + -98 - -91)?
22
What is the value of (-4 - 79) + 66 - (-124 + -2)?
109
Evaluate (24 + 27 - 38) + -46.
-33
-20 - (5 - 6) - (-4 - -25)
-40
Calculate 0 - (-128 + 54 + -1 + -7 - (-44 - -33)).
71
-5 + (-4 - -7 - -2 - (3 - 5))
2
Calculate (-19 - -16) + (44 - 3) + (-28 - -37).
47
-24 + 10 + 3 + 9 + (14 - 0)
12
1 + -7 - (-8005 - -8043)
-44
Calculate -10 - 112 - -163 - (0 + 146).
-105
82 - 102 - (4 - -25)
-49
What is (86 - 134) + (-17 - -136)?
71
Calculate 313 + -280 + (-2 - -3).
34
Evaluate 46 + 1 - 0 - (-19 + (21 - -11)).
34
Calculate (12 - (33 + (-9 - 5))) + -65 + 0 + 2.
-70
40 - ((-3 - -1) + -2 + -2 + 1770 + -1768)
44
Calculate -23 + 1 - (36 + (25 - 51)).
-32
21 - 45 - -23 - (1 + 4 - 48)
42
Evaluate (-88 - -31) + 3 + 18 + -8.
-44
What is 41 - (127 + (67 + -38 - 71))?
-44
Calculate (47 - (-53 - -96)) + 34.
38
Calculate (-27 - (-22 - -5)) + -29.
-39
3 + -2 - -29 - (-1017 - -1016)
31
What is (-12 - (-4 + 18 + 22)) + -1?
-49
What is -59 - (-25 + -71) - 1?
36
(-2 - -45) + -53 + (4 - -65)
59
Calculate 47 + 2 - (-13 + 1 - (-58 - (18 - 56))).
41
What is -34 + (7 - -22) - 42?
-47
Calculate (70 + -108 - (-32 - -7)) + 12.
-1
Evaluate 4 - (-54 - -114) - 0.
-56
What is the value of (-25 - (-53 + -20 + 10)) + (4 - (0 - 3))?
45
What is 58 + 4 + (23 + -35 - -5) + 5?
60
Calculate (-31 - -12 - -44) + -26.
-1
Evaluate -13 + (0 + (1 - -6) - 6) + (17 - 23).
-18
7 + (4 - 10) + (-2 - 1) + -1 + 32
29
7 - (-1 + 3) - 3 - (1 - -10 - 57)
48
Evaluate 5 - (304 - 297 - (2 + 50)).
50
Evaluate (0 + 0 + 0 - -22) + (786 - 772).
36
What is -4 + (15 - 7 - 5) + -6 - (-1 + 2)?
-8
Evaluate 0 - -9 - (23 - 10) - 25 - (-1 - 2).
-26
What is the value of 57 + -68 + 2 + 31 + (40 - 37)?
25
Evaluate -62 + (23 - 2 - 53) + -3.
-97
What is the value of 1 + -14 + (46 + -24 - 6) + -10?
-7
What is 61 + -79 + 75 + -51?
6
Calculate -13 + 15 + -1 - (16 - (-32 + -4)).
-51
Calculate 3 + -6 + -2 - (-15 + 2).
8
Calculate 3 - (13 + 91 - 51).
-50
Evaluate (5 + (13 - 9) + -19 - -7) + 4.
1
Evaluate 36 + -22 + 11 + -6.
19
What is the value of (36 - (2 + -11)) + 14 + -1 + 1 + -8?
51
23 + 49 + -190 + 205
87
Evaluate (1 - -38 - (-3 + 11)) + 9 + -47 + 28.
21
What is the value of 3 - -6 - (17 + -47 - -18 - 23)?
44
What is 85 + -126 + 20 - (2 - 1 - 9)?
-13
Evaluate 11 - 11 - 1 - (-53 - -36).
16
What is the value of -39 + 4 - (115 - 140)?
-10
Evaluate -5 - -5 - (-4 - -2) - -6 - (203 - 196).
1
Evaluate -44 + (-3 - -39) + -23.
-31
Evaluate (-111 + -7 - -139) + 5.
26
What is the value of (33 - 43) + (0 - 15) + 35?
10
Calculate -9 + (-18 + 12 + (16 - 9) - 14).
-22
16 + (-34 - (68 + -75))
-11
What is 39 - ((24 - 6) + -30 - -8)?
43
Calculate (-3 + -6 - (-4 - (-99 + 11))) + 12.
-81
Evaluate 0 + 13 - (25 + -12) - (1 + -2).
1
What is the value of 59 - (-141 + -85 + 183)?
102
What is 45 + -33 + 122 + -63?
71
Calculate (39 - 0) + (-5084 - -5087).
42
Evaluate (-1 + -9 - (-75 + 45 + 41)) + -15.
-36
Calculate -9 - (4 + 1 - (-7 - 7)).
-28
What is the value of -20 - (55 - 81) - -57?
63
Evaluate (-4 - -5) + -68 + 56 + 61.
50
What is -27 + 0 + 34 + -50?
-43
What is -2 + 1 - (11 + -27 + 9 + 1)?
5
What is 73 + 98 + -132 + 1 + (2 - 17)?
25
Calculate 9 + (20 + -24 - 4) + 1 + 54 + -6.
50
Evaluate -39 + 2 - (-636 - -612).
-13
Calculate 17 + 3 + -2 + 6 + (-11 - 0) + 12.
25
Evaluate -30 + -13 + 39 + -5 + (-1 - 4 - -2).
-12
Calculate (-54 - -44 - -45) + -71.
-36
What is the value of -2 - -24 - 42 - -22 - (31 - 1)?
-28
What is the value of (137 - 148) + 9 + -4 + 2 + -78?
-82
64 - ((-9 + -5 - 9 - -13) + (4 - 3))
73
Evaluate 1 + (0 - 9) + (25 - 13) - (3 - 1).
2
What is 13 + -13 + (11 - 22) + (-14 - -4)?
-21
Evaluate -29 + 12 + 15 + 117 - (4 - 28).
139
Calculate -79 + (50 - (118 + -72)).
-75
What is (1051 - 968) + (42 - -3)?
128
Calculate 15 + -5 + (14 + -9 + -21 - -93).
87
Evaluate -5 + -35 - (-5 + 11 + 3 + -4 + -8).
-37
1 + 9 + -3 - (-15 + 34 + 24)
-36
What is the value of (-3 - (67 + -2)) + -10 + 28 + -33?
-83
What is the value of 3 + -12 + (-2 - -6) + (42 - -9) + 1?
47
What is 1 - 27 - (12 + -16 - 94)?
72
Calculate 42 - (-7 - -67) - 8.
-26
Calculate -6 + -5 + (151 - 60).
80
-63 + (-19 - (-50 + 96 + -15))
-113
Calculate 5 - (-4 + -2) - (-37 + (-6 - -3)).
51
What is (-4 - (-38 + -4)) + (495 - 509)?
24
Calculate (-147 - -126) + 37 - -98.
114
What is 9 + (-25 - -12 - -5 - 5)?
-4
Evaluate -4 + 1 - 5 - (9 - (12 + 23)).
18
Calculate 4 + 5 + (4 - 31) - -20.
2
Calculate -1 + 7 + -10 + (-1 + -27 - (38 + -25)).
-45
43 + -8 + (100 - 132)
3
Evaluate (65 - -17 - 154) + 151.
79
Calculate 75 + (-79 - 22) - (0 + -5).
-21
Calculate -42 - (-1 - (94 - 50)).
3
Evaluate 33 + (48 - 29 - 14).
38
11 - (-14 + 138 + -14)
-99
Calculate (0 + 20 - 2) + (303 - 291) + -15 + 0.
15
What is (-29 + (-8 - 17) - -47) + 1 + 0 + 9?
3
Evaluate (-22 - -12 - (-9 - -3 - -1)) + (-9 - -11).
-3
What is 41 + (-36 + -5 - -45 - (-7 + 1))?
51
Evaluate (-82 - 3) + -134 + 178.
-41
What is the value of 65 - (-6 - 11) - ((8 - 1) + 7)?
68
-20 + 50 + -20 - -15 - 1
24
What is the value of (52 - 49) + (177 - 95)?
85
What is -8 + (1 - -5) + (27 - -1 - (-279 + 315))?
-10
What is the value of 78 + (-25 - 19) - -12?
46
What is 61 - (42 + 63 + -40)?
-4
Calculate -2 - 14 - (13 + (-17 + 10 - 21) + 105).
-106
Calculate -2 - -1 - ((-2 + 16 - 33) + 33).
-15
What is the value of 8 + -15 + (-4 - (3 - (-37 - -11)))?
-40
What is the value of 0 + (5 + -6 - -88) + 44 + -23?
108
Evaluate -69 - (-2 + 30 + 266 + -293) - (16 + -1).
-85
What is the value of 171 + -73 + -74 + (4 - 6 - (-1 - -1))?
22
Calculate (33 - 44) + 7 + -105 + (11 - 8) + -4.
-110
12 + 2 + -1 + -2935 + 2946
24
What is the value of -10 - 10 - (-23 - -8) - (-3 + (21 - -4))?
-27
Evaluate -25 - ((24 - 11 - 22) + (10 - -8)).
-34
54 + -77 + 21 - 56
-58
What is the value of 12 + 21 - 20 - -1?
14
-9 + (59 - (5 + (-3 - 8)) - -8 - -10)
74
What is the value of 38 + (-48 + -47 - -23)?
-34
What is the value of (-14 + -27 + 61 - 26) + 8?
2
What is -11 + (12 - 16) + 14 - 8?
-9
Evaluate 49 - (148 - (210 + -105)).
6
What is the value of (90 - 75) + (8 - 1) + 14?
36
Calculate -41 - (-1 + 3 + 1 + 2) - (39